{"id":8,"date":"2018-05-09T22:47:58","date_gmt":"2018-05-09T20:47:58","guid":{"rendered":"http:\/\/szkolka-roslin.eu\/?page_id=8"},"modified":"2018-09-20T18:19:08","modified_gmt":"2018-09-20T16:19:08","slug":"o-nas","status":"publish","type":"page","link":"https:\/\/szkolka-roslin.eu\/?page_id=8","title":{"rendered":"O nas"},"content":{"rendered":"<p>Nasza szk\u00f3\u0142ka znajduje si\u0119 na Mazurach w miejscowo\u015bci Saduny, nieopodal miasta K\u0119trzyn. Od lat zajmujemy si\u0119 dostarczaniem na rynek krzew\u00f3w oraz drzew ozdobnych. Oferujemy ro\u015bliny tylko w najwy\u017cszej jako\u015bci. Prowadzimy sprzeda\u017c ro\u015blin iglastych na terenie ca\u0142ego kraju, a tak\u017ce za granic\u0105, w Europie i w Kanadzie.<\/p>\n<p>Zapraszamy Pa\u0144stwa do naszej szk\u00f3\u0142ki.<\/p>\n<p>&nbsp;<\/p>\n","protected":false},"excerpt":{"rendered":"<p>Nasza szk\u00f3\u0142ka znajduje si\u0119 na Mazurach w miejscowo\u015bci Saduny, nieopodal miasta K\u0119trzyn. Od lat zajmujemy si\u0119 dostarczaniem na rynek krzew\u00f3w oraz drzew ozdobnych. Oferujemy ro\u015bliny tylko w najwy\u017cszej jako\u015bci. Prowadzimy sprzeda\u017c ro\u015blin iglastych na terenie<a class=\"read-more\" href=\"https:\/\/szkolka-roslin.eu\/?page_id=8\">Continue reading<\/a><\/p>\n","protected":false},"author":1,"featured_media":28,"parent":0,"menu_order":0,"comment_status":"closed","ping_status":"closed","template":"","meta":{"_monsterinsights_skip_tracking":false,"_monsterinsights_sitenote_active":false,"_monsterinsights_sitenote_note":"","_monsterinsights_sitenote_category":0},"_links":{"self":[{"href":"https:\/\/szkolka-roslin.eu\/index.php?rest_route=\/wp\/v2\/pages\/8"}],"collection":[{"href":"https:\/\/szkolka-roslin.eu\/index.php?rest_route=\/wp\/v2\/pages"}],"about":[{"href":"https:\/\/szkolka-roslin.eu\/index.php?rest_route=\/wp\/v2\/types\/page"}],"author":[{"embeddable":true,"href":"https:\/\/szkolka-roslin.eu\/index.php?rest_route=\/wp\/v2\/users\/1"}],"replies":[{"embeddable":true,"href":"https:\/\/szkolka-roslin.eu\/index.php?rest_route=%2Fwp%2Fv2%2Fcomments&post=8"}],"version-history":[{"count":6,"href":"https:\/\/szkolka-roslin.eu\/index.php?rest_route=\/wp\/v2\/pages\/8\/revisions"}],"predecessor-version":[{"id":110,"href":"https:\/\/szkolka-roslin.eu\/index.php?rest_route=\/wp\/v2\/pages\/8\/revisions\/110"}],"wp:featuredmedia":[{"embeddable":true,"href":"https:\/\/szkolka-roslin.eu\/index.php?rest_route=\/wp\/v2\/media\/28"}],"wp:attachment":[{"href":"https:\/\/szkolka-roslin.eu\/index.php?rest_route=%2Fwp%2Fv2%2Fmedia&parent=8"}],"curies":[{"name":"wp","href":"https:\/\/api.w.org\/{rel}","templated":true}]}}